ermine i(y).
-9
Let q be 4*(16 + (-335)/20). Let i(x) = x**3 + x**2 + 7. Calculate i(q).
-11
Let u(s) = -87*s + 46. Let c(p) = 113*p - 61. Let j(f) = -10*c(f) - 13*u(f). Calculate j(-9).
3
Let w(j) = -11*j - 7*j - 10*j + 3*j**2 + 40*j - 5 - 13*j. What is w(3)?
19
Suppose x = 3*c - 11, 3*x + 1 = -c + 2*c. Suppose 0 = -4*q - 4*m + 16, -q - m = -4*q. Let g(u) = 7*u - u**2 + 2 + q - u. Determine g(c).
11
Let b(z) be the first derivative of 3*z - 8*z - 7*z + z**2 + 72. Determine b(9).
6
Let q(b) = 35 + 35 + 11 - 100 - 3*b + 0*b. Give q(-14).
23
Let i = 125 + -121. Let m(f) be the second derivative of -f**4/6 + 5*f**3/3 - 3*f**2/2 + 56*f. What is m(i)?
5
Let u = 408 - 403. Suppose -10 = -u*g - 0*g. Let y(j) = -2*j**2 + 3*j - 3. Give y(g).
-5
Let v be -1*3 + -30*(-92)/345. Let o(n) = n**2 + 7*n + 8. Determine o(v).
68
Let j(q) = 2*q**3 - 9*q**2 - 3*q - 6. Let u be j(5). Let a = 4 + -1. Let o(c) = -c**2 - 2*c + a + 3*c + c + 0*c. Determine o(u).
-5
Let l = 1701 - 1705. Let v(n) = -5 + 5*n - 5 + 1 - n. Let d(c) = 4*c - 11. Let p(x) = l*v(x) + 3*d(x). Determine p(3).
-9
Let s(o) = o**3 - 9*o**2 - o - 11. Suppose -3*z + 1 + 18 + 5 = 0. Calculate s(z).
-83
Let v(d) = 34*d**2 - d + 8. Let q(o) = -6*o**2 + o - 1. Let g(n) = 5*q(n) + v(n). Determine g(-4).
51
Let x(g) be the second derivative of -g**4/6 + g**3/3 - g**2/2 + 13*g - 16. Calculate x(2).
-5
Let d(f) = -2971*f + 6051*f + 19 - 3066*f. Determine d(-5).
-51
Let z(p) = -7176 - 1173*p + 6598 + 1197*p. What is z(24)?
-2
Let n be ((-6)/15)/(5/25). Let l(o) = -7*o**2 + o. Let b be l(n). Let w be b/(-40) - (-58)/8. Let q(k) = -k**2 + 7*k + 3. Give q(w).
-5
Let p(c) = -c**2 + 22*c - 42. Suppose -146*a + 2697 = -223. Determine p(a).
-2
Let t(g) = g - 7. Let y be 40/(-25) + (-15042)/30. Let h = y - -505. Give t(h).
-5
Let n(a) be the third derivative of -1/120*a**6 + 3*a**2 + 0*a**4 - 7/60*a**5 + 0*a + 0 - 1/2*a**3. Let v = 152 + -159. Calculate n(v).
-3
Let i(u) = -1355*u + 672*u - 6 + 682*u + u**2. Let w = -16 - -24. Suppose -4*o = -3*g - w*o + 20, -4*o + 20 = -g. Determine i(g).
-6
Let g be (-13 + -1)/(96/44 - 20/110). Let d(n) = -n**2 - 10*n. Determine d(g).
21
Let v(k) = -6*k**3 - 22*k**2 + k + 32. Let f(l) = -l**3 + 3. Let b(o) = -5*f(o) + v(o). What is b(-22)?
-5
Let i(b) = -27*b - 134. Let x(u) = 13*u + 66. Let j(n) = 2*i(n) + 5*x(n). Let q(g) = -3*g - 20. Let a(v) = 2*j(v) + 7*q(v). Give a(15).
-1
Suppose 0*p + p - 5*k = 7, 0 = -3*p + 4*k + 10. Let l(w) = 902*w - 3*w**3 - 3*w**2 + 4*w**3 - 908*w + 11 - w**p. Give l(5).
6
Suppose 0 = -33*x + 31*x - 10, -4*v + x + 129 = 0. Let u = v - 35. Let z(r) = -r**3 - 3*r**2 + 8*r + 4. Determine z(u).
-12
Let y = 26360 + -26360. Let q(f) = f**2 - 2*f + 1. What is q(y)?
1
Let m = 205 - 129. Let p = m - 70. Let h(a) = 4 - 1 - 8*a + a**2 + 6. Determine h(p).
-3
Let q(h) = 22*h - 65 + 4*h + 431 - 11*h - 2. What is q(-24)?
4
Let h(l) = -2*l**2 + 12*l - 20. Let w(r) = r**3 + 10*r**2 + 7*r - 69. Let c be w(-8). Determine h(c).
-2
Suppose -2*i + 4*a - 16 = 0, 4*i - 82 = -5*a - 49. Let z(u) be the first derivative of -3/2*u**i + 1/3*u**3 + 38 + 8*u. What is z(6)?
26
Let m(f) = -105*f**2 + 2*f + 1. Let r be ((-13)/10)/1 - (-14 + 2055/150). Calculate m(r).
-106
Let b(z) = 865*z + 851. Let s be b(-1). Let a(n) = -2*n - 39. Give a(s).
-11
Let h(s) = -5*s - 322*s**2 + 111*s**2 + 105*s**2 + s**3 + 110*s**2 + 1. Suppose -3*k - 4*o - 19 = 0, -4*o = k - 0*o + 9. What is h(k)?
1
Let t = -100 - -104. Suppose 2*o - 2*n = -t + 14, -3*o - 3*n + 45 = 0. Suppose 12*x + o + 14 = 0. Let q(i) = -2*i**2 + 2*i + 3. Give q(x).
-9
Let w(b) = 13*b + 35. Let l(f) = 14*f + 61. Let j(i) = 5*i + 20. Let t(q) = -7*j(q) + 2*l(q). Suppose 35*v = 30*v - 55. Let n(o) = v*t(o) - 6*w(o). Give n(-8).
-4
Let b(o) = -9*o**3 + 14*o**2 - 13*o + 4. Let t(c) = -4*c**3 + 7*c**2 - 6*c - 1. Let z(d) = -3*b(d) + 7*t(d). What is z(6)?
-1
Let t(y) be the second derivative of -y**6/180 - y**5/120 - 89*y**3/6 - 5*y - 14. Let g(v) be the second derivative of t(v). Calculate g(0).
0
Suppose 114 = 109*l - 71*l. Let x(k) be the second derivative of 2*k**2 - 1/12*k**4 + 8*k + 4/3*k**l + 0. Give x(8).
4
Suppose -h + 2*a = 1, 19*a + 17 = 4*h + 18*a. Let l(v) = -v**3 + 3*v**2 + 4*v - 17. Give l(h).
-47
Let n(x) = -x**3 + 5*x**2 + 5. Suppose 0 = 2*r - 0*r - 8. Suppose 2*g - 104 = r*l, -5*l - g + 24 = -6*l. Let i be (-29 - l)*(-5)/(2/2). What is n(i)?
5
Let i(l) = -2*l**2 - 20*l + 5. Suppose -49*h + 46*h + 4*k = 18, -3*k = 2*h + 29. Determine i(h).
5
Let z be ((-19)/3)/(20/(-60)). Let h = z - 22. Let i be 1 - (4 - (5 + h)). Let s(r) = 7*r - 1. Calculate s(i).
-8
Let s(p) = -p**3 - 6*p**2 + 2*p + 8. Suppose -57 = -56*m + 53*m. Suppose 0 = -m*t + 17*t - 12. Calculate s(t).
-4
Let o = -398 + 406. Let y(z) = 25*z - 9 - o*z - 7*z - 8*z. Calculate y(5).
1
Let h(p) be the first derivative of -9/2*p**2 + p + 1/3*p**3 + 78. Calculate h(9).
1
Let g(u) = u - 7. Let f = 302 - 300. Suppose 4 = 3*z - 4*l + 44, -4*z - 24 = f*l. Determine g(z).
-15
Let p(r) be the first derivative of -2*r**3/3 + 5*r**2/2 - r - 1139. Let f = 13 + -8. What is p(f)?
-26
Let l(n) = -n. Suppose 9*o - 9 = -0*o. Suppose o + 7 = z. Let y(c) = -2*c + 15. Let h be y(z). Calculate l(h).
1
Let v(t) = t**2 - t - 3. Suppose 40*f - 3 = 39*f. Let b(h) = 2*h + 3. Let g(l) = f*b(l) + 2*v(l). Let p(u) = -u**2 + 19*u - 21. Let q be p(18). Determine g(q).
9
Let n(b) = 5697*b**2 + b**3 - 2*b**3 - 2851*b**2 + 65 - 2847*b**2. What is n(0)?
65
Suppose 3*a = 0, 22*h - 21*h - 6 = 3*a. Let b(v) = -v**3 + 6*v**2 - 4*v - 2. Let w be b(5). Let r(p) = 4 + 2*p + 0 - w*p. Give r(h).
-2
Let b(s) be the second derivative of s**4/6 + 5*s**3/3 + 3*s**2 + 1823*s - 3. Give b(-4).
-2
Let c(p) = p**3 + 7*p**2 + 6*p - 3. Let w(d) = -d**3 + 16*d**2 - 48*d + 1. Let g be w(12). Let k be -8 - (g/(-3))/((-2)/(-12)). What is c(k)?
-3
Let d = -1424 - -1397. Let t = 76 + -51. Let l = d + t. Let m(f) = -f**3 - 3*f**2 - f + 1. Give m(l).
-1
Let z(a) = a. Let y = 55 - 150. Let m = -91 - y. Calculate z(m).
4
Let z(d) = -d**2 - 4*d + 3. Let h(q) = 8*q - 149. Let m be h(19). Suppose o - 14 = -m*t + 5*t, -5*t - 3*o - 35 = 0. Calculate z(t).
-18
Let c(v) = -v**3 - 25*v**2 + 36*v - 490. Let d be c(-27). Let u(m) be the first derivative of 3*m**2/2 + 4*m + 6. Calculate u(d).
-8
Let z(w) = w**3 - 16*w**2 - 22*w + 64. Let j = -37558 - -37575. Give z(j).
-21
Let p be (-19182)/1587 - 1/(46/(-4)). Let g(b) = -2*b**3 - 25*b**2 - 14*b - 28. Calculate g(p).
-4
Let c(j) = 3*j**2 - 7*j - 96. Let d(k) = -k**2 + 2*k + 27. Let z(f) = -2*c(f) - 7*d(f). What is z(3)?
12
Let z be ((-26)/(-6) + 1)*3/2. Suppose -2*x + z*x = 84. Let d(j) = j**2 - 13*j - 5. Give d(x).
9
Let c(f) = 14*f + 27 - 14 - 14 + 2*f. Let q be 38/(-36) - 51/(-918). What is c(q)?
-17
Let a(h) = 5*h + 4. Let r = -56 - -65. Suppose -2*g - 11 = -r. Let s(i) = -5*i**2 + 4*i + 4. Let q be s(g). Determine a(q).
-21
Let k(h) = 5*h**3 - h**2 - 3*h. Let j(p) = -p**3 + p**2 + p. Let m be ((-12)/8)/(21/14). Let y(v) = m*k(v) - 4*j(v). Determine y(-4).
20
Let n(d) = -2*d**3 + 3*d**2 + 9*d - 29. Let f(g) = -3*g**3 + 6*g**2 + 14*g - 42. Let z(q) = 5*f(q) - 7*n(q). Give z(10).
-37
Let u(d) = -181 - 932*d + 535*d + 403*d. Determine u(30).
-1
Let m(b) be the third derivative of -101*b**4/24 + 701*b**3/6 + 6*b**2 + 2*b - 13. Give m(7).
-6
Let d = -50 + 54. Suppose 0 = -3*j - d*j + 28. Let z(x) = -3*x + j*x - 2*x + 2*x. Determine z(6).
6
Let k(r) = -r**2 + 23*r + 85. Suppose 3*a + 75 = 3*y, 58*a = 57*a + 1. What is k(y)?
7
Let r(i) be the first derivative of i**3/3 + 6*i**2 + 6*i - 18. Let q = -2162 - -2150. What is r(q)?
6
Let f(i) = -19*i**3 + 13*i**2 - 2*i + 4. Let h(k) = 105*k**3 - 62*k**2 + 11*k - 20. Let s(c) = 11*f(c) + 2*h(c). Let x be (-150)/8 - 1/4. What is s(x)?
4
Let w(j) = 89*j - 259. Let s be w(45). Let h(o) = s - 1878 + o - 1871. What is h(12)?
9
Let b(t) = -10*t. Let g(k) = -17*k - 1. Let n(x) = 5*b(x) - 3*g(x). Calculate n(2).
5
Let i(g) = 7*g - 4. Suppose -3*q - 135 = -141. Suppose q*a - 5 = -4*o - 1, 0 = -o - 5*a - 17. Calculate i(o).
17
Let f(o) = o**3 - 2*o**2 + 3*o - 1. Suppose 2*w - 3*w + 4 = 0, 3*w = -t + 82. Let s be (1/(-5))/((-7)/t). Give f(s).
5
Let j be -5 - (-3 + 0 + -1211). Let s(m) = -3 + 2*m**2 + 1210*m - j*m - m**2. Calculate s(-5).
17
Let k(l) = 4*l*